475 and 6095?
115
Calculate the highest common factor of 12204 and 114.
6
Calculate the greatest common factor of 10 and 218150.
10
Calculate the highest common factor of 1550 and 1873175.
775
What is the greatest common divisor of 33672 and 256?
8
Calculate the greatest common factor of 227145 and 2850.
285
What is the highest common divisor of 3616 and 5198?
226
What is the greatest common divisor of 4209 and 2745?
183
What is the greatest common divisor of 34931 and 39?
13
Calculate the greatest common factor of 693 and 17073.
63
What is the greatest common divisor of 11 and 671561?
11
Calculate the highest common factor of 11205 and 830.
415
Calculate the highest common divisor of 17712382 and 386.
386
What is the highest common divisor of 41974 and 899?
31
Calculate the greatest common divisor of 6 and 60366.
6
Calculate the greatest common divisor of 980 and 4459.
49
Calculate the greatest common divisor of 16353 and 1656.
207
What is the highest common factor of 11832 and 2?
2
What is the greatest common factor of 626577 and 42?
21
Calculate the greatest common factor of 26668 and 32544.
452
What is the highest common factor of 3764 and 6426089?
941
What is the highest common factor of 49438 and 76?
38
What is the highest common factor of 84564 and 192?
12
Calculate the greatest common divisor of 134991 and 1431.
477
Calculate the highest common factor of 24 and 44648.
8
Calculate the greatest common divisor of 561 and 7462983.
561
Calculate the greatest common divisor of 386 and 1772126.
386
What is the highest common divisor of 41830 and 5170?
470
What is the greatest common factor of 305 and 74603?
61
What is the highest common divisor of 40 and 143180?
20
What is the greatest common divisor of 368 and 12098?
46
What is the greatest common factor of 520 and 2810990?
130
Calculate the highest common divisor of 467411 and 392.
49
What is the highest common factor of 20960 and 315710?
1310
Calculate the highest common divisor of 14560 and 645.
5
Calculate the highest common divisor of 296206 and 1044.
58
What is the highest common divisor of 13851 and 1944?
243
What is the greatest common factor of 268540 and 463?
463
Calculate the greatest common factor of 551 and 1558.
19
What is the greatest common divisor of 155874 and 4980?
498
What is the greatest common factor of 5025 and 245550?
75
What is the greatest common divisor of 1534 and 3426956?
1534
Calculate the greatest common divisor of 4301 and 9911.
187
What is the greatest common factor of 267 and 27?
3
Calculate the highest common divisor of 22144086 and 18.
18
What is the highest common factor of 54489 and 1353?
123
Calculate the highest common divisor of 22040 and 10904.
232
Calculate the greatest common factor of 50034 and 12.
6
What is the greatest common factor of 98 and 15918?
14
What is the highest common factor of 1012 and 78016?
92
What is the greatest common factor of 29069 and 4963?
709
What is the greatest common factor of 51180 and 108?
12
Calculate the greatest common factor of 32072 and 25742.
422
What is the highest common divisor of 1591 and 3?
1
What is the highest common divisor of 1248 and 19656?
312
Calculate the highest common factor of 2384004 and 1212.
1212
Calculate the greatest common factor of 107078 and 3071.
37
What is the highest common factor of 945 and 207585?
315
What is the highest common divisor of 61 and 145?
1
Calculate the greatest common divisor of 7995 and 4251.
39
Calculate the greatest common factor of 103597 and 4225.
169
Calculate the greatest common divisor of 290 and 20470.
10
Calculate the highest common divisor of 216 and 6144.
24
What is the highest common divisor of 386 and 8689246?
386
What is the greatest common divisor of 39153 and 372?
93
What is the highest common divisor of 9 and 44748?
9
What is the highest common divisor of 1000 and 59750?
250
What is the greatest common divisor of 4743 and 119?
17
What is the highest common divisor of 17259 and 363?
33
What is the highest common factor of 2201 and 10721?
71
Calculate the highest common factor of 189 and 31941.
189
Calculate the highest common divisor of 168148 and 48988.
1324
Calculate the highest common factor of 81120 and 156.
156
What is the highest common divisor of 5073 and 21261?
57
What is the greatest common factor of 200 and 38750?
50
Calculate the greatest common factor of 191 and 2286079.
191
What is the highest common divisor of 1608285 and 1590?
795
Calculate the highest common factor of 7086 and 114.
6
Calculate the highest common divisor of 93394 and 3528.
98
What is the greatest common factor of 16483 and 1244?
311
What is the greatest common factor of 156 and 268668?
12
What is the greatest common factor of 145638 and 19314?
522
Calculate the greatest common factor of 324126 and 220.
22
Calculate the highest common divisor of 7606 and 34.
2
Calculate the highest common factor of 44747 and 60177.
1543
What is the highest common factor of 52015 and 404?
101
What is the greatest common divisor of 146 and 69934?
146
Calculate the greatest common factor of 230118 and 42.
42
Calculate the greatest common divisor of 36 and 4930668.
36
What is the highest common factor of 45430 and 140?
70
What is the highest common divisor of 117047 and 28?
7
What is the greatest common factor of 30 and 12?
6
What is the greatest common factor of 1856 and 259492?
116
What is the highest common divisor of 75560 and 40?
40
Calculate the highest common divisor of 39 and 7788.
3
Calculate the highest common divisor of 152850 and 110.
10
Calculate the greatest common factor of 5971 and 21.
7
What is the highest common factor of 2368 and 444?
148
Calculate the greatest common divisor of 391572 and 126.
18
What is the highest common divisor of 130 and 2345590?
130
What is the highest common factor of 2151505 and 215?
215
Calculate the highest common factor of 308 and 7553.
7
Calculate the highest common divisor of 1330 and 8778.
266
What is the greatest common divisor of 77889 and 24?
3
What is the greatest common divisor of 458952 and 624?
312
Calculate the highest common factor of 22 and 1947.
11
Calculate the highest common divisor of 713 and 690.
23
What is the highest common factor of 5085 and 14265?
45
What is the greatest common factor of 520 and 43600?
40
What is the highest common factor of 584 and 46793?
73
What is the greatest common factor of 291468 and 8853?
681
What is the greatest common factor of 596524 and 668?
668
Calculate the greatest common factor of 488 and 199104.
488
What is the greatest common divisor of 3574985 and 794?
397
What is the highest common divisor of 368931 and 279?
93
Calculate the greatest common factor of 1920 and 5200.
80
Calculate the greatest common factor of 25 and 3214975.
25
Calculate the highest common factor of 91413 and 273.
21
Calculate the greatest common divisor of 3015631 and 226.
113
Calculate the greatest common factor of 1065150 and 14850.
1350
What is the highest common divisor of 9013 and 4?
1
Calculate the highest common divisor of 2907 and 18126.
171
What is the greatest common factor of 96620 and 1060?
20
What is the highest common factor of 7599 and 255?
51
Calculate the highest common factor of 112 and 155498.
14
Calculate the greatest common factor of 9405 and 385.
55
What is the greatest common divisor of 882 and 69482?
98
What is the greatest common factor of 748261 and 193?
193
Calculate the highest common divisor of 423890 and 95.
95
What is the greatest common factor of 283170 and 90?
30
Calculate the highest common divisor of 17 and 265200.
17
Calculate the greatest common factor of 731 and 7633.
17
Calculate the greatest common divisor of 212 and 965554.
106
Calculate the highest common factor of 660 and 13240.
20
What is the greatest common factor of 8441 and 368?
23
Calculate the highest common factor of 98736 and 2856.
408
Calculate the highest common divisor of 165762 and 72.
18
What is the highest common factor of 8950 and 1675?
25
What is the greatest common factor of 21554 and 9386?
26
What is the highest common factor of 439033 and 1197?
133
What is the greatest common divisor of 838 and 9816751?
419
Calculate the highest common divisor of 1080 and 207540.
180
Calculate the greatest common divisor of 2